{"id":160,"date":"2021-06-25T08:26:23","date_gmt":"2021-06-25T08:26:23","guid":{"rendered":"https:\/\/franziska-eschrich.de\/?page_id=160"},"modified":"2021-06-25T08:26:23","modified_gmt":"2021-06-25T08:26:23","slug":"datenschutzerklaerung","status":"publish","type":"page","link":"https:\/\/franziska-eschrich.de\/?page_id=160","title":{"rendered":"Datenschutzerkl\u00e4rung"},"content":{"rendered":"\n<h2 class=\"wp-block-heading\">Allgemeine Hinweise<\/h2>\n\n\n\n<p>Die folgenden Hinweise geben einen einfachen \u00dcberblick dar\u00fcber, was mit Ihren personenbezogenen Daten passiert, wenn Sie unsere Website besuchen. Personenbezogene Daten sind alle Daten, mit denen Sie pers\u00f6nlich identifiziert werden k\u00f6nnen. Ausf\u00fchrliche Informationen zum Thema Datenschutz entnehmen Sie unserer unter diesem Text aufgef\u00fchrten Datenschutzerkl\u00e4rung.<\/p>\n\n\n\n<h2 class=\"wp-block-heading\">1. Verantwortliche Stelle gem\u00e4\u00df Artikel 4 Abs. 7 DSGVO<\/h2>\n\n\n\n<p>Gesch\u00e4ftsf\u00fchrerin:<br>Franziska Eschrich<br>Tel.: 01578 5801953<br>E-Mail: info@franziska-eschrich.de<\/p>\n\n\n\n<h2 class=\"wp-block-heading\">2. Datenschutzbeauftragter<\/h2>\n\n\n\n<p>Franziska Eschrich<\/p>\n\n\n\n<p>Tel.: 01578 5801953<br>E-Mail: info@franziska-eschrich.de<\/p>\n\n\n\n<h2 class=\"wp-block-heading\">3. Sicherheit und Schutz Ihrer personenbezogenen Daten<\/h2>\n\n\n\n<p>Den Schutz Ihrer personenbezogenen Daten nehmen wir sehr ernst. Deshalb wenden wir \u00e4u\u00dferste Sorgfalt und modernste Sicherheitsstandards an, um einen maximalen Schutz Ihrer personenbezogenen Daten zu gew\u00e4hrleisten.<\/p>\n\n\n\n<p>Wir unterliegen den Bestimmungen der europ\u00e4ischen Datenschutzgrundverordnung (DSGVO) und den Regelungen des Bundesdatenschutzgesetzes (BDSG). Dementsprechend haben wir technische und organisatorische Ma\u00dfnahmen getroffen, die sicherstellen, dass die Vorschriften \u00fcber den Datenschutz sowohl von uns, als auch von unseren externen Dienstleistern beachtet werden.<\/p>\n\n\n\n<p><strong>Verschl\u00fcsselung<\/strong><\/p>\n\n\n\n<p>Diese Webseite nutzt aus Sicherheitsgr\u00fcnden und zum Schutz der \u00dcbertragung vertraulicher Inhalte, die Sie an uns als Seitenbetreiber senden, eine SSL- bzw. TLS-Verschl\u00fcsselung. Eine verschl\u00fcsselte Verbindung erkennen Sie daran, dass die Adresszeile des Browsers von \u201chttp:\/\/\u201d auf \u201chttps:\/\/\u201d wechselt und an dem Schloss-Symbol in Ihrer Browserzeile.<\/p>\n\n\n\n<h2 class=\"wp-block-heading\">4 Datenerfassung auf unserer Webseite<\/h2>\n\n\n\n<h3 class=\"wp-block-heading\">Server-Log-Dateien<\/h3>\n\n\n\n<p>Der Provider dieser Webseite erhebt und speichert Informationen, die Ihr Browser automatisch an den Webserver \u00fcbermittelt. Dies sind:<\/p>\n\n\n\n<ul class=\"wp-block-list\"><li>IP-Adresse (anonymisiert)<\/li><li>Datum und Uhrzeit der Anfrage<\/li><li>Zeitzonendifferenz zur Greenwich Mean Time (GMT)<\/li><li>Inhalt der Anforderung (konkrete Seite)<\/li><li>Zugriffsstatus\/HTTP-Statuscode<\/li><li>jeweils \u00fcbertragene Datenmenge<\/li><li>Webseite, von der die Anforderung kommt<\/li><li>Browser<\/li><li>Betriebssystem und dessen Oberfl\u00e4che<\/li><li>Sprache und Version der Browsersoftware.<\/li><\/ul>\n\n\n\n<p>Die Erhebung dieser Daten, ist technisch erforderlich, um Ihnen unsere Webseite anzuzeigen und die Stabilit\u00e4t und Sicherheit zu gew\u00e4hrleisten (Rechtsgrundlage ist Art. 6 Abs. 1 S. 1 lit. f DSGVO).<\/p>\n\n\n\n<p>Eine Zusammenf\u00fchrung dieser Daten mit anderen Datenquellen wird nicht vorgenommen.<\/p>\n\n\n\n<h2 class=\"wp-block-heading\">5. Rechte der betroffenen Person<\/h2>\n\n\n\n<h3 class=\"wp-block-heading\">Widerruf Ihrer Einwilligung zur Datenverarbeitung<\/h3>\n\n\n\n<p>Sofern die Verarbeitung der personenbezogenen Daten auf einer erteilten Einwilligung beruht, haben Sie jederzeit das Recht, die Einwilligung zu widerrufen. Durch den Widerruf der Einwilligung wird die Rechtm\u00e4\u00dfigkeit der aufgrund der Einwilligung bis zum Widerruf erfolgten Verarbeitung nicht ber\u00fchrt.<\/p>\n\n\n\n<p>F\u00fcr die Aus\u00fcbung des Widerrufsrechts reicht eine formlose Mitteilung per E-Mail an uns.<\/p>\n\n\n\n<h3 class=\"wp-block-heading\">Auskunft, Sperrung, L\u00f6schung<\/h3>\n\n\n\n<p>Sie haben im Rahmen der geltenden gesetzlichen Bestimmungen jederzeit das Recht auf unentgeltliche Auskunft \u00fcber Ihre gespeicherten personenbezogenen Daten, deren Herkunft und Empf\u00e4nger und den Zweck der Datenverarbeitung und ggf. ein Recht auf Berichtigung, Sperrung oder L\u00f6schung dieser Daten. Hierzu sowie zu weiteren Fragen zum Thema personenbezogene Daten k\u00f6nnen Sie sich jederzeit unter der im Impressum angegebenen Adresse an uns wenden.<\/p>\n\n\n\n<h3 class=\"wp-block-heading\">Recht auf Daten\u00fcbertragbarkeit<\/h3>\n\n\n\n<p>Sie haben das Recht, Daten, die wir auf Grundlage Ihrer Einwilligung oder in Erf\u00fcllung eines Vertrags automatisiert verarbeiten, an sich oder an einen Dritten in einem g\u00e4ngigen, maschinenlesbaren Format aush\u00e4ndigen zu lassen. Sofern Sie die direkte \u00dcbertragung der Daten an einen anderen Verantwortlichen verlangen, erfolgt dies nur, soweit es technisch machbar ist.<\/p>\n\n\n\n<h3 class=\"wp-block-heading\">Beschwerderecht bei der zust\u00e4ndigen Aufsichtsbeh\u00f6rde<\/h3>\n\n\n\n<p>Im Falle datenschutzrechtlicher Verst\u00f6\u00dfe steht dem Betroffenen ein Beschwerderecht bei der zust\u00e4ndigen Aufsichtsbeh\u00f6rde zu.<\/p>\n\n\n\n<p>Zust\u00e4ndige Aufsichtsbeh\u00f6rde:<\/p>\n\n\n\n<p>Der Landesbeauftragte f\u00fcr Datenschutz und Informationsfreiheit Mecklenburg-Vorpommern<br>Heinz M\u00fcller<\/p>\n\n\n\n<p>Werderstra\u00dfe 74a<br>19055 Schwerin<\/p>\n\n\n\n<p>Telefon: +49 385 59494-0<br>Telefax: +49 385 59494-58<br>E-Mail: info@datenschutz-mv.de<br>Website: www.datenschutz-mv.de<\/p>\n\n\n\n<h2 class=\"wp-block-heading\">6. \u00c4nderung unserer Datenschutzbestimmungen<\/h2>\n\n\n\n<p>Wir behalten uns vor, die Datenschutzerkl\u00e4rung zu \u00e4ndern, um sie an ge\u00e4nderte Rechtslagen, oder bei \u00c4nderungen des Dienstes sowie der Datenverarbeitung anzupassen. Dies gilt jedoch nur im Hinblick auf Erkl\u00e4rungen zur Datenverarbeitung. Sofern Einwilligungen der Nutzer erforderlich sind oder Bestandteile der Datenschutzerkl\u00e4rung Regelungen des Vertragsverh\u00e4ltnisses mit den Nutzern enthalten, erfolgen die \u00c4nderungen nur mit Zustimmung der Nutzer. Die Nutzer werden gebeten sich regelm\u00e4\u00dfig \u00fcber den Inhalt der Datenschutzerkl\u00e4rung zu informieren.<\/p>\n","protected":false},"excerpt":{"rendered":"<p>Allgemeine Hinweise Die folgenden Hinweise geben einen einfachen \u00dcberblick dar\u00fcber, was mit Ihren personenbezogenen Daten passiert, wenn Sie unsere Website besuchen. Personenbezogene Daten sind alle Daten, mit denen Sie pers\u00f6nlich identifiziert werden k\u00f6nnen. Ausf\u00fchrliche Informationen zum Thema Datenschutz entnehmen Sie unserer unter diesem Text aufgef\u00fchrten Datenschutzerkl\u00e4rung. 1. Verantwortliche Stelle gem\u00e4\u00df Artikel 4 Abs. 7 DSGVO &hellip; <\/p>\n<p class=\"link-more\"><a href=\"https:\/\/franziska-eschrich.de\/?page_id=160\" class=\"more-link\"><span class=\"screen-reader-text\">\u201eDatenschutzerkl\u00e4rung\u201c <\/span>weiterlesen<\/a><\/p>\n","protected":false},"author":1,"featured_media":0,"parent":0,"menu_order":0,"comment_status":"closed","ping_status":"closed","template":"","meta":{"footnotes":""},"class_list":["post-160","page","type-page","status-publish","hentry"],"_links":{"self":[{"href":"https:\/\/franziska-eschrich.de\/index.php?rest_route=\/wp\/v2\/pages\/160","targetHints":{"allow":["GET"]}}],"collection":[{"href":"https:\/\/franziska-eschrich.de\/index.php?rest_route=\/wp\/v2\/pages"}],"about":[{"href":"https:\/\/franziska-eschrich.de\/index.php?rest_route=\/wp\/v2\/types\/page"}],"author":[{"embeddable":true,"href":"https:\/\/franziska-eschrich.de\/index.php?rest_route=\/wp\/v2\/users\/1"}],"replies":[{"embeddable":true,"href":"https:\/\/franziska-eschrich.de\/index.php?rest_route=%2Fwp%2Fv2%2Fcomments&post=160"}],"version-history":[{"count":1,"href":"https:\/\/franziska-eschrich.de\/index.php?rest_route=\/wp\/v2\/pages\/160\/revisions"}],"predecessor-version":[{"id":161,"href":"https:\/\/franziska-eschrich.de\/index.php?rest_route=\/wp\/v2\/pages\/160\/revisions\/161"}],"wp:attachment":[{"href":"https:\/\/franziska-eschrich.de\/index.php?rest_route=%2Fwp%2Fv2%2Fmedia&parent=160"}],"curies":[{"name":"wp","href":"https:\/\/api.w.org\/{rel}","templated":true}]}}

Datenschutzerklärung

<h2 class="wp-block-heading">Allgemeine Hinweise</h2>



<p>Die folgenden Hinweise geben einen einfachen Überblick darüber, was mit Ihren personenbezogenen Daten passiert, wenn Sie unsere Website besuchen. Personenbezogene Daten sind alle Daten, mit denen Sie persönlich identifiziert werden können. Ausführliche Informationen zum Thema Datenschutz entnehmen Sie unserer unter diesem Text aufgeführten Datenschutzerklärung.</p>



<h2 class="wp-block-heading">1. Verantwortliche Stelle gemäß Artikel 4 Abs. 7 DSGVO</h2>



<p>Geschäftsführerin:<br>Franziska Eschrich<br>Tel.: 01578 5801953<br>E-Mail: info@franziska-eschrich.de</p>



<h2 class="wp-block-heading">2. Datenschutzbeauftragter</h2>



<p>Franziska Eschrich</p>



<p>Tel.: 01578 5801953<br>E-Mail: info@franziska-eschrich.de</p>



<h2 class="wp-block-heading">3. Sicherheit und Schutz Ihrer personenbezogenen Daten</h2>



<p>Den Schutz Ihrer personenbezogenen Daten nehmen wir sehr ernst. Deshalb wenden wir äußerste Sorgfalt und modernste Sicherheitsstandards an, um einen maximalen Schutz Ihrer personenbezogenen Daten zu gewährleisten.</p>



<p>Wir unterliegen den Bestimmungen der europäischen Datenschutzgrundverordnung (DSGVO) und den Regelungen des Bundesdatenschutzgesetzes (BDSG). Dementsprechend haben wir technische und organisatorische Maßnahmen getroffen, die sicherstellen, dass die Vorschriften über den Datenschutz sowohl von uns, als auch von unseren externen Dienstleistern beachtet werden.</p>



<p><strong>Verschlüsselung</strong></p>



<p>Diese Webseite nutzt aus Sicherheitsgründen und zum Schutz der Übertragung vertraulicher Inhalte, die Sie an uns als Seitenbetreiber senden, eine SSL- bzw. TLS-Verschlüsselung. Eine verschlüsselte Verbindung erkennen Sie daran, dass die Adresszeile des Browsers von “http://” auf “https://” wechselt und an dem Schloss-Symbol in Ihrer Browserzeile.</p>



<h2 class="wp-block-heading">4 Datenerfassung auf unserer Webseite</h2>



<h3 class="wp-block-heading">Server-Log-Dateien</h3>



<p>Der Provider dieser Webseite erhebt und speichert Informationen, die Ihr Browser automatisch an den Webserver übermittelt. Dies sind:</p>



<ul class="wp-block-list"><li>IP-Adresse (anonymisiert)</li><li>Datum und Uhrzeit der Anfrage</li><li>Zeitzonendifferenz zur Greenwich Mean Time (GMT)</li><li>Inhalt der Anforderung (konkrete Seite)</li><li>Zugriffsstatus/HTTP-Statuscode</li><li>jeweils übertragene Datenmenge</li><li>Webseite, von der die Anforderung kommt</li><li>Browser</li><li>Betriebssystem und dessen Oberfläche</li><li>Sprache und Version der Browsersoftware.</li></ul>



<p>Die Erhebung dieser Daten, ist technisch erforderlich, um Ihnen unsere Webseite anzuzeigen und die Stabilität und Sicherheit zu gewährleisten (Rechtsgrundlage ist Art. 6 Abs. 1 S. 1 lit. f DSGVO).</p>



<p>Eine Zusammenführung dieser Daten mit anderen Datenquellen wird nicht vorgenommen.</p>



<h2 class="wp-block-heading">5. Rechte der betroffenen Person</h2>



<h3 class="wp-block-heading">Widerruf Ihrer Einwilligung zur Datenverarbeitung</h3>



<p>Sofern die Verarbeitung der personenbezogenen Daten auf einer erteilten Einwilligung beruht, haben Sie jederzeit das Recht, die Einwilligung zu widerrufen. Durch den Widerruf der Einwilligung wird die Rechtmäßigkeit der aufgrund der Einwilligung bis zum Widerruf erfolgten Verarbeitung nicht berührt.</p>



<p>Für die Ausübung des Widerrufsrechts reicht eine formlose Mitteilung per E-Mail an uns.</p>



<h3 class="wp-block-heading">Auskunft, Sperrung, Löschung</h3>



<p>Sie haben im Rahmen der geltenden gesetzlichen Bestimmungen jederzeit das Recht auf unentgeltliche Auskunft über Ihre gespeicherten personenbezogenen Daten, deren Herkunft und Empfänger und den Zweck der Datenverarbeitung und ggf. ein Recht auf Berichtigung, Sperrung oder Löschung dieser Daten. Hierzu sowie zu weiteren Fragen zum Thema personenbezogene Daten können Sie sich jederzeit unter der im Impressum angegebenen Adresse an uns wenden.</p>



<h3 class="wp-block-heading">Recht auf Datenübertragbarkeit</h3>



<p>Sie haben das Recht, Daten, die wir auf Grundlage Ihrer Einwilligung oder in Erfüllung eines Vertrags automatisiert verarbeiten, an sich oder an einen Dritten in einem gängigen, maschinenlesbaren Format aushändigen zu lassen. Sofern Sie die direkte Übertragung der Daten an einen anderen Verantwortlichen verlangen, erfolgt dies nur, soweit es technisch machbar ist.</p>



<h3 class="wp-block-heading">Beschwerderecht bei der zuständigen Aufsichtsbehörde</h3>



<p>Im Falle datenschutzrechtlicher Verstöße steht dem Betroffenen ein Beschwerderecht bei der zuständigen Aufsichtsbehörde zu.</p>



<p>Zuständige Aufsichtsbehörde:</p>



<p>Der Landesbeauftragte für Datenschutz und Informationsfreiheit Mecklenburg-Vorpommern<br>Heinz Müller</p>



<p>Werderstraße 74a<br>19055 Schwerin</p>



<p>Telefon: +49 385 59494-0<br>Telefax: +49 385 59494-58<br>E-Mail: info@datenschutz-mv.de<br>Website: www.datenschutz-mv.de</p>



<h2 class="wp-block-heading">6. Änderung unserer Datenschutzbestimmungen</h2>



<p>Wir behalten uns vor, die Datenschutzerklärung zu ändern, um sie an geänderte Rechtslagen, oder bei Änderungen des Dienstes sowie der Datenverarbeitung anzupassen. Dies gilt jedoch nur im Hinblick auf Erklärungen zur Datenverarbeitung. Sofern Einwilligungen der Nutzer erforderlich sind oder Bestandteile der Datenschutzerklärung Regelungen des Vertragsverhältnisses mit den Nutzern enthalten, erfolgen die Änderungen nur mit Zustimmung der Nutzer. Die Nutzer werden gebeten sich regelmäßig über den Inhalt der Datenschutzerklärung zu informieren.</p>

<p>Allgemeine Hinweise Die folgenden Hinweise geben einen einfachen Überblick darüber, was mit Ihren personenbezogenen Daten passiert, wenn Sie unsere Website besuchen. Personenbezogene Daten sind alle Daten, mit denen Sie persönlich identifiziert werden können. Ausführliche Informationen zum Thema Datenschutz entnehmen Sie unserer unter diesem Text aufgeführten Datenschutzerklärung. 1. Verantwortliche Stelle gemäß Artikel 4 Abs. 7 DSGVO &hellip; </p>
<p class="link-more"><a href="https://franziska-eschrich.de/?page_id=160" class="more-link"><span class="screen-reader-text">„Datenschutzerklärung“ </span>weiterlesen</a></p>
